 - 202. What is the units digit of x(6)?
7
Let r(x) = -x + 1. Let g be r(0). Let i be (-18)/(-36) - (g + 294/(-4)). Let m = i - 7. What is the units digit of m?
6
Let a be -3 + ((-4)/14 - (-37)/7). Suppose -3*p = 4*y + 11, -6 = a*y + 4. Suppose 205 = p*b + 2*b. What is the units digit of b?
1
Suppose 3*b + 3*u = 6*b - 3, -3*b + 4*u + 4 = 0. Suppose b = -10*k + 8643 - 753. What is the tens digit of k?
8
Let f be -3 - 114/(-6) - -2. Suppose f*h = 21*h + 30. Let x(u) = -u**3 - 9*u**2 - 9*u - 31. What is the tens digit of x(h)?
5
Let l(x) = -738*x + 11874. What is the thousands digit of l(-48)?
7
Suppose -14 = 12*r - 14*r. Suppose 2*i - 9 - r = 0. Suppose 6 = -k + i. What is the units digit of k?
2
Let u = 238 - 413. Let v = 381 + u. What is the units digit of v?
6
Suppose 43516 = 25*u + 43*u + 24*u. What is the units digit of u?
3
Let r(k) = 9*k**2 - 36*k + 48. Suppose 0 = 5*f + 12*f - 204. What is the units digit of r(f)?
2
Let i = 5934 - 4211. What is the units digit of i?
3
Let q(h) = 2*h**3 - 24*h**2 + h + 8. Let t be q(12). Suppose 15*a = t*a - 2810. What is the tens digit of a?
6
Let w(t) be the third derivative of 1/3*t**3 + 17/24*t**4 + 13*t**2 + 0 + 0*t + 1/15*t**5. What is the tens digit of w(6)?
4
Suppose -9*c + 2748 = -7845. Let d = c + -584. What is the units digit of d?
3
Let g(m) = 2*m**2 - 22 - 3*m**2 + 2*m**2 + 6*m. Let j be g(-9). Suppose j*q = 6*q - 130. What is the tens digit of q?
3
Let f = 959 + 2814. What is the units digit of f?
3
Suppose -a + 51 = 190. Let t = 79 + a. Let l = t - -61. What is the units digit of l?
1
Let n = -4596 + 7232. Suppose 0 = 12*i - n + 548. What is the hundreds digit of i?
1
Let d(h) = -7*h - 43. Let u be d(-7). Let l(b) = b**3 + 6*b**2 - u - 17*b**2 - b + 18*b**2. What is the tens digit of l(-6)?
3
Let t(b) = -564*b + 4148. What is the hundreds digit of t(-68)?
5
Let d(b) = 13*b - 8. Let o be d(1). Suppose -o*m - 7*a - 340 = -2*a, -4*m - 5*a = 269. Let r = m + 160. What is the tens digit of r?
8
Let j(s) be the second derivative of 5*s**3/6 + 21*s**2/2 + 29*s. Let w be j(7). What is the units digit of w/1*(-102)/(-119)?
8
Let y(k) = k**3 + 25*k**2 + 27*k + 4. Let h be (9/6)/((-1)/6). What is the hundreds digit of y(h)?
0
Let n = -251 - -209. What is the hundreds digit of n/(-49)*7 - -753?
7
Suppose -5*q = -3*q - 30. Suppose 2*t - 5*m = -25, 4*t - q - 5 = -4*m. Let g = 38 - t. What is the tens digit of g?
3
Let g be (-2 + 5)/(5*(-24)/(-640)). Suppose -31*m = -g*m - 14355. What is the hundreds digit of m?
9
Suppose -3*t = -5*d - 42027, 2*d - 59975 + 3939 = -4*t. What is the thousands digit of t?
4
Let t(a) = 4*a**3 - 2*a**2 + 4*a + 7. Let f be t(-4). Let d = 662 + f. What is the hundreds digit of d?
3
Suppose 0 = -273*t + 64*t + 8026645. What is the thousands digit of t?
8
Let l = 68 - 92. Let v = l + 29. Suppose -5*w + 567 = 4*z, -v*w - 549 = -4*z - 4*w. What is the tens digit of z?
3
Suppose -3*r = -0*r - 825. Suppose -a - 2*w = -5*w - r, a + 5*w = 315. What is the tens digit of a?
9
What is the units digit of (-2082)/(-8)*(2464/6)/22?
8
Let o = 32896 - -13013. What is the thousands digit of o?
5
What is the thousands digit of (-343944)/(-60) + 60/100?
5
Let g be (-3 + 28/8)*4. Suppose 1 = -2*q + 3*i - 7, 0 = -g*i + 8. Suppose -q*l + 51 = 3. What is the tens digit of l?
2
Let a(f) be the second derivative of f**5/20 + 11*f**4/12 + f**3 - 2*f**2 + 4*f. Let r be a(-10). Let c = 18 + r. What is the units digit of c?
4
Let s(v) = v**3 + 4*v**2 - 5*v - 22. Let y be s(8). What is the tens digit of ((-15)/(-25) + 0)*(y - 1)?
2
Suppose -15030 - 2913 + 4130 = -g. What is the ten thousands digit of g?
1
Let v be -646 + (-4)/1 - 4. Let l(g) = 2*g**3 - 10*g**2 - 7*g. Let d be l(10). Let f = v + d. What is the hundreds digit of f?
2
Suppose 3*u + 26 = 4*i + u, -4*u = 5*i. Suppose 0 = 2*l - 4*o - 712, i*o = 4*l - 1054 - 390. What is the units digit of l?
6
Let t = -252 + -745. What is the hundreds digit of (t/2)/((-21)/42)?
9
Suppose 0 = 3*t + 36 - 27. What is the tens digit of 708/((7/((-70)/45))/t)?
7
What is the ten thousands digit of (-46332212)/(-828) + (-16)/(-6)*3/36?
5
Suppose 0 = f + 5*h - 15 + 1, 0 = f - 5*h + 6. Suppose 3*m + 3*o - 534 = 0, -m = -o + f*o - 188. What is the tens digit of m?
7
Let i(a) = -a**3 + 10*a**2. Let s be i(10). Suppose s = -5*x + 11 + 19. Suppose -3*d = -3*g - 651, -x*g + 2*g + 197 = d. What is the hundreds digit of d?
2
What is the tens digit of ((-365)/(-20))/((-1)/(-68))?
4
Let c be (-6)/30 + (-2)/(-10) + -2. Let t(o) = -15*o - 18. Let h be t(c). What is the units digit of h/(-7)*(-14)/8*58?
4
What is the hundreds digit of (135/12)/(-3 - 51775/(-17252))?
2
Let c be (-420)/252*3/5. Let b = -98 - -146. What is the units digit of (-3*1 + c)*(-552)/b?
6
What is the tens digit of (-3 + -79)*2784/(-29)?
7
Suppose -11*n + 212428 = 35*n. What is the thousands digit of n?
4
Let n = -15 - -20. Suppose -n*z = -3*z - 1090. What is the tens digit of z?
4
Let x = 22819 + 23618. What is the ten thousands digit of x?
4
Suppose -4*q = -k - 47, 3*q - 40 = 2*k - 1. Suppose -q*p + 2*p + 45 = 0. Suppose -f = f + p*r - 141, -f - r + 66 = 0. What is the tens digit of f?
6
Let n be -78 + 5*(-6)/(-10). What is the units digit of 90/n + (-51)/(-5)?
9
Suppose 5*u - 4*f + 6748 = 1629, 3*f - 4095 = 4*u. Let q = 2053 + u. What is the tens digit of q?
3
Let d(g) = -1844*g - 961. What is the ten thousands digit of d(-7)?
1
Suppose 5250 = 3*q - 5*d, -4*q + 5*d = 10*d - 6965. Suppose -3*j = -4*f - 2578, 4*j = f + 1688 + q. What is the units digit of j?
8
Let n(u) = 2*u**3 + u**2 - 17*u + 14774. What is the units digit of n(0)?
4
Let k = -105806 - -152490. What is the units digit of k?
4
Suppose -7*y + 833 = -224. Let q = 194 - y. What is the units digit of q?
3
Let u be (-440202)/141 + (-4)/(-1 - 1). Let f = -2162 - u. What is the hundreds digit of f?
9
Let r(y) = 19*y + 24*y + 103 - 9*y. What is the tens digit of r(7)?
4
Let z = 72 + -68. Suppose 7*j + 2602 = z*u + 2*j, 4*j - 3273 = -5*u. What is the hundreds digit of u?
6
Let w(c) = 66*c + 10. Let z be w(-2). Let j = -51 - z. What is the tens digit of j?
7
Let s = 651 - 178. Let j = s + 254. What is the tens digit of j?
2
Suppose 0 = 2*u + 2*h - 120, 3*h + 108 = 2*u + 2*h. Let g = 60 - u. Suppose 2*b = -g, -5*d + 2*b = -10*d + 581. What is the units digit of d?
7
Let w = 74 - 36. Let v = -37 + w. What is the tens digit of (v + (-180)/8)*-2?
4
Suppose -3 = -4*t - w, -6*t + 8*t + w = -1. Suppose -4*g + 2308 = -t*v, -1162 = -2*g + 4*v - 7*v. What is the units digit of g?
8
Let o(y) = -15130*y - 5159. What is the ten thousands digit of o(-5)?
7
Suppose -3*s + 60 = 3*s. Let p be ((-6)/s)/(11/(-495)). Let g = p - -49. What is the tens digit of g?
7
Suppose 2*v - 3*d = 0, 4*v + d = -d. Let g be ((-24)/(-5))/(1/(5 - v)). What is the units digit of (-1)/2 + 84/g?
3
Let f be (24/(-36))/(1/18). Let a(d) = -22*d - 75. What is the units digit of a(f)?
9
Suppose 1789216 = 171*g - 332381. What is the tens digit of g?
0
Let j(i) be the first derivative of 7*i**4/4 + 2*i**3/3 - 3*i**2/2 + 8*i + 13. Let x be j(-5). What is the units digit of x/(-14) + (-2)/7?
7
Suppose -234*r + 4048383 = 143*r - 74*r. What is the ten thousands digit of r?
1
What is the tens digit of (104/16)/((-9)/4506*12/(-72))?
2
Suppose 3 + 3 = 4*f + 5*v, -f + 4*v = 9. Let t be (2 - (3 - 1))/f. Let l(p) = 2*p**2 - p + 169. What is the units digit of l(t)?
9
Let p be (-3 - 12)*(-7)/(105/12). Suppose -p*y + 15*y + 4*t - 412 = 0, -273 = -2*y - 3*t. What is the hundreds digit of y?
1
Let w(f) = f**3 + 19*f**2 + 2*f + 41. Let g be w(-19). Suppose -5*u - g*c = -837, 12 = -0*c + 3*c. What is the units digit of u?
5
What is the tens digit of (-4)/14 + (-1021516)/(-266)?
4
Let t(w) = -w**3 + 47*w**2 + 85*w + 170. What is the thousands digit of t(45)?
8
Suppose -2*s + 145956 = -3046 + 21616. What is the units digit of s?
3
Suppose n - 20 + 0 = 0. Let t(y) = y**2 + 48*y - 274. Let r be t(6). Let p = r - n. What is the units digit of p?
0
Suppose 3*z - 30162 = -p, 4*p - 35695 = 2*z + 84939. What is the ten thousands digit of p?
3
Let q = 502 + -68. Suppose 5*j = 4*i - 2654 - q, -3*i - j = -2335. What is the hundreds digit of i?
7
Let y = 20872 - 12149. What is the hundreds digit of y?
7
Let s(c) = -250*c + 22